Let r(m) = m - 12. Let p = 16 + -6. Let q be r(p). Let w = 0 - q. What is the units digit of w?
2
Suppose 430 = 3*l + 4*u, -4*l + 0*u + 582 = u. What is the tens digit of l?
4
Let b(o) = -o**2 - 13*o + 13. What is the tens digit of b(-8)?
5
Let g(d) = -d**3 - 8*d**2 + 8*d - 6. Suppose -2 + 4 = -2*r. Let x(l) = 9*l. Let o be x(r). What is the units digit of g(o)?
3
Let c = -66 - -116. Let q = c + -30. What is the tens digit of q?
2
Let m(d) = 46*d**2 + 2*d + 1. Let x be m(-1). Suppose -4*v + x = 13. What is the units digit of v?
8
Let m be 6 - (3 + -3 + 1). Let d = -4 + m. Suppose d = -2*x + 3. What is the units digit of x?
1
Let y = -3 - 0. What is the tens digit of ((-44)/10)/(y/15)?
2
Let i(p) = p**2 + 2*p + 21. What is the tens digit of i(-15)?
1
Let b be 18/(-15)*30/(-9). Suppose b*j + j - 185 = 0. What is the tens digit of j?
3
Suppose 3*r - 2*r - 12 = 4*f, 4*r - 26 = 5*f. Suppose -r = -z + 1. What is the units digit of z?
5
Suppose 17 = -2*l - 6*p + 5*p, l = p - 16. Let r = l - -35. What is the units digit of r?
4
Let b(l) = -l**2 - 2*l + 1. Let x be b(-3). What is the units digit of 2 + (6*2 - x)?
6
Suppose -i = -2 - 2. Suppose 2*j - i = j. Let o = -3 + j. What is the units digit of o?
1
Let r(m) be the third derivative of -m**6/40 + m**5/60 + m**4/8 + m**3/3 - 2*m**2. Let b be r(-2). Let g = b + -17. What is the units digit of g?
7
Suppose -8*l = -3*l - 150. What is the units digit of l?
0
Let m = -2 - -4. Suppose m*w = 7 + 1. What is the units digit of w?
4
Suppose 0*s + g - 6 = -3*s, -5*s + 4*g - 7 = 0. Suppose -w = -s, 2*w = 5*j + 3*w - 166. What is the units digit of j?
3
Suppose 23*l = 16*l + 742. What is the hundreds digit of l?
1
Let p be 39/9 - 4/(-6). Suppose -61 = -2*l - 3*l + 3*s, -3*l - p*s = -23. What is the units digit of l?
1
Let s(q) be the second derivative of -q**5 - q**4/12 - q**3/6 - q**2/2 + 5*q. What is the tens digit of s(-1)?
1
Let o(n) = n - 3. Let p be o(4). Let w(z) = 4*z**2 + 2*z - 1. Let j be w(p). Let r = 9 - j. What is the units digit of r?
4
What is the units digit of 2/(-12) - 652/(-24)?
7
Let v be 4/6 + (-60)/(-18). Suppose -v*h - 4*k + 36 = 0, 2*k - k - 24 = -4*h. What is the units digit of h?
5
Suppose 0 = t + 3*d + 11, 4*t + 3*d - 1 = -0*d. Let g be (1 - t)*-1 - 0. Suppose 6*m = g*m + 30. What is the tens digit of m?
1
Suppose -36 = -4*c + 24. Let t = c + -9. What is the units digit of t?
6
Let g be (-215)/20 - 2/8. Let x = -5 - g. What is the units digit of x?
6
Let s = -232 + 326. What is the units digit of s?
4
Let s = 658 - 355. What is the hundreds digit of s?
3
Suppose 5*x - 551 + 106 = 0. What is the tens digit of x?
8
Suppose 2*g + b = -3 - 2, 0 = 4*b + 20. Let j = 6 + g. Suppose 2*l - 2 = j. What is the units digit of l?
4
Let f be 4*(-3 + (-7)/1). Let h = -18 - f. What is the tens digit of h?
2
Let a = -8 + 21. Let v = a - 9. Let m = v + 0. What is the units digit of m?
4
Suppose -110 = -2*o + 4*f, 3*o = o + 3*f + 109. What is the tens digit of o?
5
Suppose -a + 6*a - 70 = 0. Let b = -4 + 1. Let g = b + a. What is the units digit of g?
1
Let w = 13 - 22. Let x = 14 + w. What is the units digit of x?
5
Let s = -3 + 5. Suppose -c + 6 = s*c. Suppose -3*o + 24 = 5*t, -4*o - 24 = -7*o + c*t. What is the units digit of o?
8
Suppose 4*d - 43 - 45 = -3*f, 3*d - 26 = -f. What is the tens digit of f?
3
Let g = -7 - -11. Suppose -g*o - 18 = -o. Let r(y) = -y**3 - 6*y**2 - y + 2. What is the units digit of r(o)?
8
Let p be 1/1 - (-6 + 3). What is the units digit of 80/(-25)*(-10)/p?
8
Let f be 4/3*(-3)/(-2). Suppose 4 = -2*z - f. What is the tens digit of z - ((-25)/1 - -3)?
1
Let j(i) be the first derivative of -i**2/2 + i - 2. What is the units digit of j(-6)?
7
Let g be (1/(-2))/(1/(-6)). Let y = 4 + g. What is the units digit of y?
7
Suppose 5*q = 6*r - r + 45, -q + 6 = 2*r. Let b(d) = -d**2 + 8*d + 9. What is the units digit of b(q)?
9
Let o(d) be the third derivative of d**5/60 + d**4/4 - d**2. Suppose 0 = 2*t + 3 + 11. What is the units digit of o(t)?
7
Let b(f) = -3*f**2 - 7*f + 2. Let q be b(-5). What is the tens digit of q/(4*4/(-8))?
1
Let k(d) = -5*d - 4. Let w be k(-10). Let p = w + -26. What is the tens digit of p?
2
Let s(r) = r + 10. Let v be s(9). Suppose -5*n + v = -21. Suppose 4*d = 8 + n. What is the units digit of d?
4
Suppose -9*h = -4*h - 5*q - 15, 2*q = -h + 6. Suppose h*s = s + 66. What is the tens digit of s?
2
Suppose -5*y - 24 = -3*y. Let f = -6 - y. What is the units digit of f?
6
Let h(b) = b**2 + 5*b - 17. What is the tens digit of h(-12)?
6
Suppose -a - 2*a - 3*l = -15, 0 = -l. Suppose 4*f + 2*w - 57 = 5*w, -a*f + w + 63 = 0. What is the units digit of f?
2
What is the tens digit of ((-138)/9)/((-4)/12)?
4
Suppose 0 = c + 3*c - 104. Suppose -47 = -4*f - 5*m, 2*f = -2*f + 2*m + c. What is the units digit of f?
8
Let p(j) = -3*j + 1. Let h be p(-5). Suppose 3*m = -4*u + h, 0*u - 10 = -2*m - 2*u. What is the units digit of m?
4
Let g(i) = i**2 - 7*i - 9. Let u be g(8). Let o = u + 15. Let h = o + -9. What is the units digit of h?
5
Suppose 0 = 5*b - b - 92. What is the tens digit of b?
2
Let v(i) = -15*i - 3. What is the tens digit of v(-4)?
5
Let d(s) = -16*s + 5. What is the tens digit of d(-13)?
1
Suppose 0 = -5*p + 221 - 6. What is the units digit of p?
3
What is the tens digit of 4 - (4 - 5 - 16)?
2
Suppose -10 = -j - j. Let c(g) = -g**2 + 8*g - 3. What is the tens digit of c(j)?
1
Let h = 29 - 16. What is the tens digit of h?
1
Suppose 0 = 3*x + 4*y + 25, -5*x + 1 = -3*y + 4. What is the units digit of 368/24 + (-2)/x?
6
Suppose -i = 2*w + 2*w - 34, -2*i + 2*w + 28 = 0. What is the tens digit of i?
1
Let i(w) = -w**2 - 4*w - 2. Let z be i(-2). Suppose 0 = -u, -u = 2*d + z*u + 12. What is the units digit of d + 5 - 19/(-1)?
8
Suppose 5*p - 2*s - 26 = 0, 3 - 8 = p + 3*s. Let u(w) = -2*w + 1. Let v be u(-2). Suppose -c - p = -5*c - 4*n, -v = -4*c - 3*n. What is the units digit of c?
2
Suppose 2*a - 397 = -3*x - 3*a, 4*x + 2*a - 534 = 0. What is the units digit of x?
4
Suppose 4*p - p + 183 = 0. Suppose -o - 1 - 5 = 0. What is the units digit of p/(-7) + o/(-21)?
9
Suppose 0 = -5*c + 2*g + 346, -53 = 2*c - 3*c - 5*g. What is the tens digit of c?
6
Let o(s) = 28*s**2 - s - 1. Let x be o(-1). Suppose -4*y + 2*y = -x. Let m = y - 7. What is the units digit of m?
7
Let k = 18 + -17. What is the units digit of 0/(-1) + (k - -25)?
6
Suppose -2*h + 4*h = 78. Suppose 0 = -5*p + h + 46. What is the tens digit of p?
1
Let l(b) = -b**2 - 10*b + 7. Let k be (2/6)/(6/(-162)). What is the units digit of l(k)?
6
Let q be 1/((-12)/10 - -1). Let w = q + 22. What is the units digit of w?
7
What is the tens digit of (-3)/12*-106 - (-4)/(-8)?
2
Suppose 4*p = 31 + 1. Suppose -p*u + 65 = -3*u. What is the tens digit of u?
1
Suppose 4*r = 2*y - 18, r + 17 = 5*r + 5*y. Let m be 30/(-8) - r/(-8). Let x(l) = -2*l - 5. What is the units digit of x(m)?
3
Let i = 12 + 4. What is the units digit of i?
6
Suppose -26 = -w + 34. Suppose -3*s = -s - w. What is the units digit of s?
0
Let i = 3 + -9. Let l = i + 8. What is the units digit of (3 - l)/(2/10)?
5
Suppose v = 5*l + 68, -4*v + l - 3*l = -272. What is the units digit of v?
8
Let d(w) = -w**2 + 9*w + 6. Let x be d(10). What is the units digit of ((-6)/(-10))/(x/(-20))?
3
Suppose -13 = -4*j + i, -3*j + 4*i = 3 - 29. Suppose 3*b - j - 4 = 0. What is the units digit of b?
2
Suppose 0 = 22*n - 27*n + 220. What is the tens digit of n?
4
Suppose -d + 1860 = 5*d. What is the units digit of d?
0
Let k be 3/(-2)*960/18. What is the tens digit of k/(-2) - (4 + -7)?
4
Suppose 5*g - 74 = 4*w, 4*g = -2*w + w - 8. Let i(j) = j**2 + 2. Let p be i(5). Let m = p + w. What is the units digit of m?
1
Let m(o) = -o**2 - 10*o + 2. Let v = -20 + 11. What is the tens digit of m(v)?
1
Let l(z) = 2*z - 3*z - z - 3*z - 1. What is the tens digit of l(-3)?
1
Let q(z) = z - 1. Let c be q(7). Suppose -3*o + c*o - 27 = 0. What is the units digit of o?
9
What is the units digit of 1556/7 + (-28)/98?
2
Suppose -1742 = 24*r - 10070. What is the hundreds digit of r?
3
Suppose -30 = -4*f + 10. Suppose 2*j - f = -6. What is the units digit of j?
2
Suppose 0 = -2*u - 3*u - 5, 2*u + 4 = -h. What is the units digit of h/7 - 79/(-7)?
1
Let t be 4/16 - (-123)/(-12). Let k = 1 - t. W